 n(l) = -l**2 - l. Let u(h) = h**2 - 6*h - 5. Let z(g) = -3*n(g) + u(g). Let s be z(-2). What is the highest common factor of 34 and s?
17
Let t = 10 + -9. Let a be -2 + 5 - (1 - t). Suppose -a*l + 352 = l. Calculate the greatest common divisor of 11 and l.
11
Let x(o) = 29*o**2 + 16*o - 39. Let f be x(3). Calculate the highest common divisor of f and 108.
54
Suppose 5*z + 19 = 44. Suppose z*i = -10 + 135. What is the greatest common factor of i and 125?
25
Let u(c) = 2*c**2 + 16*c - 1. Suppose -3*d - 27 = 3*k, -5*d + 1 - 16 = 2*k. Let p be u(k). What is the highest common divisor of p and 117?
39
Let a = 5 + 3. Suppose -7 + 8 = -f. Let d be (4 - 2)/((-1 - -4) + f). Calculate the greatest common divisor of a and d.
1
Let g = 332 - 314. Calculate the greatest common factor of 288 and g.
18
Suppose -20 = -2*s - 3*s. Let z be ((-2)/(-4))/(7/126*3). What is the highest common divisor of z and s?
1
Suppose -38*b + 258 = -198. Let o be ((-2)/(-3))/((-2)/(-468)). Calculate the highest common divisor of b and o.
12
Let r(u) = u**2 - 16*u + 3. Let o be r(14). Let y = -22 - o. Suppose j + 24 = y*j. What is the highest common divisor of 18 and j?
6
Let y be -4 - -8 - (4 + -1). Let u be (-2 + 0 + 19)/y. What is the greatest common divisor of 17 and u?
17
Suppose t + 2*n - 28 = 0, -4*t + 2*n + 82 = -0*t. Let k = -1186 + 1252. What is the greatest common divisor of t and k?
22
Suppose -3*n + i = -171, -7*n + 4*n + 5*i + 183 = 0. Calculate the highest common factor of n and 504.
56
Let y = -16 - -15. Let n(f) = -3*f + 5. Let x be n(5). Let g = y - x. What is the greatest common divisor of 6 and g?
3
Let r(v) = 2*v**3 - 17*v**2 - 7*v - 6. Let w be r(9). Let b be (-3)/2 - (-225)/6. What is the highest common divisor of b and w?
12
Suppose -2*l + 0*l = -2*i, 0 = 3*i - 6. Let q be (l - 116/8)*(-12)/15. Calculate the greatest common divisor of q and 25.
5
Let g be ((-4)/(-6))/((-24)/(-180)) + 90. Calculate the highest common factor of g and 19.
19
Suppose -146*c + 144*c = -620. What is the greatest common factor of 20 and c?
10
Let g(u) = 2*u - 9. Let t(v) = -v + 3. Let l be t(-3). Let o be g(l). Suppose 30*s = 23*s + 14. What is the highest common factor of s and o?
1
Let g be ((-324)/(-378))/(2 + 13/(-7)). Calculate the highest common factor of 63 and g.
3
Suppose 5*b + 0*b - 285 = 0. Let u = -2228 - -2247. What is the highest common factor of u and b?
19
Let v = 628 - 394. What is the greatest common factor of v and 18?
18
Suppose -r + 11*r = 80. What is the highest common factor of 16 and r?
8
Let m be 1640/(-30)*(-1)/(2/3). Suppose 5*x - m = 198. What is the highest common divisor of 14 and x?
14
Suppose 3*p - 16 = 221. Suppose p - 10 = k. Suppose -26*l = -21*l - 230. What is the highest common factor of k and l?
23
Let m be (-6)/(-10) - 13/5. Let p be m/(-6) - 845/(-3). Suppose -2*k = 4*i - 186, 3*i = -4*k + k + p. What is the greatest common factor of 38 and k?
19
Suppose -5*i + 33 = 2*o, 10 = -5*i - 5. Let x(g) = -g**3 + 7*g**2 - 4*g. Let q be x(6). What is the highest common factor of q and o?
12
Let n(q) = -q**2 + 4*q**2 + 4*q + 3*q**2 + 2. Let d be n(-2). What is the highest common divisor of d and 6?
6
Let c = 64 - 58. Calculate the greatest common factor of 738 and c.
6
Let h(w) = w**3 - 18*w**2 + 25*w - 59. Suppose -27 = -d - 10. Let c be h(d). Suppose 0 = 3*g - 2*g - 11. Calculate the highest common factor of c and g.
11
Let g = 866 + -854. Let r = 76 + -46. Calculate the highest common divisor of g and r.
6
Let h(b) = -5*b - 17. Let z be h(-10). Let s be (5/15)/(3/27). Calculate the greatest common divisor of s and z.
3
Let k = -102 - -166. What is the highest common factor of 12 and k?
4
Suppose -z + 57 = -3*f, 2*f - 3*f = -3*z + 187. Suppose 0 = -3*p + z + 378. What is the greatest common divisor of p and 21?
21
Suppose -4171 = -4*o - 535. Calculate the highest common divisor of o and 18.
9
Let o be (-54)/(-5) - 8/(-40). Let x(t) = -t + 3. Let a be x(0). Suppose -a*m + l + 28 = -135, m = -l + 57. What is the greatest common factor of o and m?
11
Let q(w) = 2*w - 17. Let t(x) = 4*x - 35. Let o(m) = -5*q(m) + 2*t(m). Let s be o(0). Calculate the greatest common factor of s and 3.
3
Let i be (-54)/(-10) + 14/(-35). Let r(j) = -4*j**2 + 0*j + 1 - j + 0*j - 7 - 2*j**3. Let a be r(-3). Calculate the greatest common divisor of i and a.
5
Suppose 6*i - 2*i = -12. Let c(w) = -w - w**3 - w**2 - w + 126 - 129. Let o be c(i). Calculate the highest common divisor of o and 14.
7
Suppose 5*v = 103 + 77. Let o = 129 + -105. What is the highest common divisor of o and v?
12
Let s(p) = 64*p - 263. Let k be s(47). What is the greatest common factor of k and 45?
45
Let k(n) be the third derivative of n**6/120 + 7*n**5/60 + 5*n**4/24 - 5*n**3/6 - n**2 - 32. Let l be k(-5). What is the highest common divisor of l and 110?
10
Suppose -15 = 3*r - 246. Let x = r - 122. Let t be (-326)/(-10) - (-27)/x. What is the greatest common factor of t and 320?
32
Let l(q) = -5*q**3 + 49*q**2 - 5*q + 11. Let k be l(4). What is the greatest common divisor of 35 and k?
35
Let w be (-152)/3*(3 + (-84)/16). Calculate the greatest common divisor of 38 and w.
38
Let z(d) = 44*d + 41. Let j be z(-3). Suppose -53 = 4*w + 167. Let b = w - j. What is the greatest common factor of 4 and b?
4
Let n be ((-5)/(-1))/(2 + -1). Let g = -42 - -45. Suppose g*x - 65 = -n*o, 2*x - 47 = -3*o - 5. Calculate the highest common factor of 5 and x.
5
Let s(w) = -2*w**2 + 0*w + 3 + 791*w**3 - 806*w**3 + 3*w. Let d be s(-1). What is the highest common factor of d and 52?
13
Let r(o) be the first derivative of -100*o**2 - 2*o + 6. Let h be r(5). Let c be 4/(-5) + h/(-15). What is the highest common divisor of 33 and c?
33
Suppose 16 = 4*r - 92. Let q = -19290 + 19425. Calculate the highest common factor of r and q.
27
Let g(q) = -q**2 + 8*q - 4. Let x be g(6). Suppose 28*m - 80 = 24*m. Calculate the greatest common divisor of m and x.
4
Suppose -2*p - 3*o - 90 = 0, 184 = -8*p + 4*p - 4*o. Let u be p/32*(-50)/3. Calculate the highest common divisor of u and 25.
25
Suppose 3*p - 4*c - c = 152, 0 = p + 5*c - 24. Let i(m) = -6*m + 80. Let n be i(13). Suppose -n*u = -0*u - p. What is the greatest common divisor of u and 33?
11
Let k be (0 + 4 + -1)/(9/6). Suppose -1 = d, k*y + 3*d = 2 - 3. Calculate the highest common factor of y and 1.
1
Let m(s) = -s**3 - s**2 - 4*s + 6. Let z be m(-4). Let l = -112 - -140. Calculate the highest common divisor of z and l.
14
Suppose 0*n + 5*n = 15. Suppose -11 = -n*p + 2*l, -3*l = -3*p + 4*p. Suppose -3*x - p*x = -54. What is the highest common factor of x and 72?
9
Suppose 20*g = 23*g - 3321. Calculate the greatest common divisor of g and 27.
27
Let q = 289 + -127. What is the highest common divisor of 3 and q?
3
Let m = -36 - -24. Let v be m/1*54/(-12). Let r be v/8 + (-10)/(-40). What is the greatest common factor of r and 21?
7
Suppose -2*r + 56 = 4*f, 2*f - 19 = -2*r + 5. Suppose 5*n + 93 = -242. Let v be 0 + (6/(-2) - n). Calculate the greatest common divisor of f and v.
16
Suppose -58*u - 1098 = -59*u. Calculate the highest common divisor of 18 and u.
18
Let n be -7 + (1 - -10) - -696. What is the highest common factor of 28 and n?
28
Let l be (-3)/12 + 2/(32/324). Let z = 10 + -7. Let w(u) = u**2 - u + 4. Let k be w(z). What is the greatest common divisor of k and l?
10
Let b be (0 - -2)*159/2. Calculate the greatest common divisor of b and 53.
53
Let r = -281 + 381. Calculate the highest common factor of r and 80.
20
Let z = 12 + -7. Suppose 0 = -z*k + 73 + 47. What is the highest common factor of k and 8?
8
Let n be (-1 - 2)/(-1 - 111/(-120)). Suppose -6*o + o + n = 0. Calculate the greatest common divisor of 32 and o.
8
Let l(v) = v**3 - 21*v**2 + 22*v - 23. Let r be l(20). What is the greatest common divisor of r and 323?
17
Let w be 3*(5 - 2) + 1*-3. Suppose 0 = -2*r + w*r - 120. Let s be 269 + 2 + (0 - 1). What is the greatest common factor of s and r?
30
Let k(p) = 2*p**2 - 37*p + 5. Let o be k(19). Calculate the greatest common factor of o and 60.
12
Suppose -1 = 3*p + 11. Let l(z) be the first derivative of z**4/4 + 2*z**3 + z**2 - 2*z + 1. Let h be l(p). What is the highest common factor of h and 44?
22
Suppose -16 + 0 = -g. Let j be (0 - -12)*(-3 + 4). Let 